15*g + 98. Determine o(3).
-1
Let t(g) = -238*g + 6652. Give t(15).
3082
Let t(o) = -o**3 - 56*o**2 + 16*o - 13396. Give t(-60).
44
Let n(u) = 265241*u + 265237. Calculate n(-1).
-4
Let u(o) = -260*o - 7434. Calculate u(-30).
366
Let g(x) = 2*x**2 + 430*x + 22329. What is g(-129)?
141
Let j(l) = 4*l**3 + 19*l**2 + 80*l + 280. Determine j(-4).
8
Let r(h) = -43*h**3 - 5078*h**2 + 5069*h + 11. Calculate r(1).
-41
Let w(v) = v**3 - 102*v**2 + 671*v - 573. Determine w(95).
-3
Let f(m) = -3*m**3 + 96*m**2 + 11521*m + 50. Determine f(-48).
2
Let t(k) = -184*k - 39939. Calculate t(-217).
-11
Let v(s) = 54*s**2 + 1858*s - 7434. Determine v(4).
862
Let t(b) = b**3 + 24*b**2 - 304*b + 301. Calculate t(8).
-83
Let s(n) = -n**3 - 90*n**2 - 697*n - 3368. What is s(-82)?
-6
Let p(w) = 73003*w - 437963. Determine p(6).
55
Let q(i) = 6*i**2 + 1584*i + 88923. Give q(-183).
-15
Let m(l) = -2*l**3 - 124*l**2 - 230*l + 574. What is m(-60)?
-26
Let t(g) = 2*g**2 + 4212*g + 802973. Calculate t(-212).
-83
Let c(u) = -749*u + 12259. Calculate c(18).
-1223
Let p(r) = -5668*r**2 - 22673*r - 10. Calculate p(-4).
-6
Let m(u) = -1106*u + 485519. Give m(439).
-15
Let t(z) = 799*z + 61497. Calculate t(-77).
-26
Let k(y) = y**2 - 573*y + 76676. Determine k(213).
-4
Let i(f) = 5081*f + 30372. Calculate i(-6).
-114
Let w(k) = -1252*k + 2788. Calculate w(3).
-968
Let j(h) = 72*h**2 + 2622*h + 9342. What is j(-4)?
6
Let d(p) = 7*p**2 - 511*p - 5929. Calculate d(-10).
-119
Let w(r) = 19*r**2 - 70*r - 12. What is w(6)?
252
Let i(p) = -p**3 + 160*p**2 + 21156*p + 82. Determine i(-86).
82
Let d(b) = 1285*b - 79897. Calculate d(62).
-227
Let b(t) = 4111*t - 39919. Calculate b(9).
-2920
Let s(b) = -994723*b + 994668. What is s(1)?
-55
Let s(y) = -y**3 - 46*y**2 + 12388*y + 559474. Calculate s(-45).
-11
Let c(z) = -16*z**3 - 42*z**2 - 97*z + 74. Calculate c(-3).
419
Let u(h) = 8863*h + 70923. Calculate u(-8).
19
Let o(g) = 3348*g + 34358. What is o(-11)?
-2470
Let l(q) = 22*q**2 + 82*q - 1161. Determine l(-10).
219
Let p(r) = 8919*r - 142599. Determine p(16).
105
Let r(g) = -6*g**3 - 348*g**2 + 42*g + 1634. Determine r(-58).
-802
Let m(k) = 113*k + 3157. Give m(-17).
1236
Let c(b) = 27*b**2 - 163. Calculate c(-7).
1160
Let k(p) = -4065*p - 28273. Give k(-7).
182
Let u(v) = 2*v**3 + 57*v**2 + 383*v - 45. Calculate u(-13).
215
Let a(s) = -s**3 + 16*s**2 - 133*s + 359. Determine a(7).
-131
Let x(o) = 2*o**2 - 120474*o - 1566522. Determine x(-13).
-22
Let z(s) = 11407*s + 22998. What is z(-2)?
184
Let r(j) = 39*j**2 + 6785*j - 155. What is r(-174)?
19
Let q(u) = 580*u + 11511. Determine q(-22).
-1249
Let v(o) = 5*o**3 - 24*o**2 + 20*o - 81. What is v(5)?
44
Let x(j) = -104708*j - 2198873. Calculate x(-21).
-5
Let g(a) = 938*a**2 - 27197*a - 144. Give g(29).
1
Let v(a) = -120*a**2 + 1383*a - 2282. Calculate v(2).
4
Let g(u) = u**3 - 462*u**2 + 3191*u - 2726. Determine g(455).
4
Let z(d) = -6*d**2 - 1593*d - 21095. Calculate z(-14).
31
Let l(b) = -8*b**3 - 919*b**2 - 3434*b + 805. Calculate l(-111).
28
Let h(v) = -12*v**3 + 106*v**2 - 81*v + 10. Calculate h(8).
2
Let i(x) = -8098*x + 6437913. Determine i(795).
3
Let h(r) = r**3 - 21*r**2 + 213*r - 2442. Determine h(17).
23
Let n(i) = -1170*i + 8214. Calculate n(7).
24
Let i(k) = 15*k**2 - 3673*k + 3173. Determine i(244).
1
Let m(n) = -5*n**2 - 962*n - 46215. What is m(-100)?
-15
Let m(f) = -247*f - 1643. Determine m(-7).
86
Let j(t) = -2*t**2 + 299*t - 7799. Give j(44).
1485
Let k(i) = 1565*i + 1165936. Give k(-745).
11
Let g(h) = -h**3 - 13*h**2 + 42*h + 415. Calculate g(-9).
-287
Let s(o) = -2*o**3 - 327*o**2 + 1215*o + 7686. Calculate s(-167).
4
Let k(o) = 2*o**2 - 302*o + 4737. Calculate k(17).
181
Let m(d) = -d**2 - 4364*d - 129957. Give m(-30).
63
Let o(q) = 137*q**2 + 30*q + 97. What is o(-3)?
1240
Let w(a) = -a**3 + 50*a**2 + 255*a + 1137. Give w(55).
37
Let h(b) = b**3 - 360*b**2 - 394*b + 12153. Give h(361).
240
Let b(u) = 13*u**2 + 4342*u - 21721. Give b(5).
314
Let o(f) = 120*f + 113. What is o(-8)?
-847
Let x(k) = k**3 + 21*k**2 - 31*k + 4621. Give x(-28).
1
Let z(f) = -474*f**2 + 4862*f - 1205. Give z(10).
15
Let a(h) = -22*h**2 - 168*h - 375. Calculate a(-5).
-85
Let w(x) = 6*x**2 - 2039*x + 111918. Give w(271).
-5
Let a(u) = -92*u**2 + 3528*u - 10771. Determine a(35).
9
Let w(r) = r**3 - 20*r**2 + 152*r - 430. Give w(7).
-3
Let z(h) = 189*h**3 + 89*h**2 - 230*h + 142. Calculate z(1).
190
Let v(n) = -3176*n - 142933. Determine v(-45).
-13
Let t(m) = 140*m**2 - 380*m - 140. Calculate t(3).
-20
Let x(t) = -650*t + 199313. Calculate x(306).
413
Let m(f) = -469956*f + 7049356. What is m(15)?
16
Let b(n) = 3*n**2 + 9248*n - 111325. What is b(12)?
83
Let y(b) = 8*b**2 + 458*b - 45455. Give y(52).
-7
Let f(o) = -1644*o - 2360. Calculate f(-1).
-716
Let z(s) = 17*s**3 + 41*s**2 - 71*s + 21. What is z(-3)?
144
Let c(l) = 13*l**3 + 167*l**2 - 5*l + 247. What is c(-13)?
-26
Let j(z) = -101383*z + 21290443. Give j(210).
13
Let o(u) = 5*u**3 - 50*u**2 - 174*u - 62. What is o(13)?
211
Let q(d) = -4*d**2 - 255*d - 9. What is q(-6)?
1377
Let w(l) = -l**2 - 723569*l + 15195423. Give w(21).
33
Let y(r) = -2*r**2 - 4897*r + 153689. What is y(31)?
-40
Let q(w) = -87*w**2 - 21*w + 74. Determine q(2).
-316
Let c(a) = -417394*a - 2086975. Give c(-5).
-5
Let g(t) = -17*t**3 + 16*t**2 + 67*t - 80. Calculate g(1).
-14
Let o(n) = 1968*n - 178517. Calculate o(91).
571
Let d(p) = p**3 + 909*p**2 + 206328*p - 640. Give d(-470).
300
Let k(t) = -14*t**3 + 28*t**2 - 655*t + 1303. What is k(2)?
-7
Let m(t) = 12829*t - 26053. Give m(2).
-395
Let c(n) = n**3 + 6*n**2 + 2046*n + 12294. Determine c(-6).
18
Let f(b) = -2*b**2 - 115159*b + 2534467. Calculate f(22).
1
Let i(c) = -3*c**2 - 238*c + 2421. Determine i(9).
36
Let h(j) = -47*j**3 - 5*j**2 - 31*j + 36. Give h(1).
-47
Let o(k) = -2*k**2 + 12354*k + 2275422. Calculate o(-179).
-26
Let d(h) = h**3 - 92*h**2 + 431*h - 23015. What is d(90)?
-425
Let s(w) = 1296*w + 436755. Give s(-337).
3
Let m(n) = -124*n**2 + 45*n - 13. What is m(2)?
-419
Let c(t) = -75*t - 4935. What is c(-49)?
-1260
Let u(m) = -158*m - 16449. What is u(-105)?
141
Let i(j) = j**2 + 623*j - 277. Give i(0).
-277
Let p(k) = -8889*k + 275557. Calculate p(31).
-2
Let k(h) = 7*h**2 + 2642*h + 50053. Calculate k(-20).
13
Let q(w) = -35*w**3 - 2304*w**2 - 1880*w + 328. Calculate q(-65).
3
Let t(i) = i**2 - 669*i + 110888. Calculate t(303).
-10
Let n(h) = 27*h**2 + 1217*h + 14. Calculate n(-46).
1164
Let j(z) = 45*z**2 - 8525*z + 8526. Determine j(1).
46
Let t(f) = f**2 - 9667*f - 838772. Calculate t(-86).
-14
Let w(n) = n**3 + 16*n**2 - 343*n - 5353. Calculate w(-13).
-387
Let w(d) = -d**3 + 95*d**2 - 89*d - 752. Determine w(94).
-282
Let c(j) = -j**3 + 61*j**2 - 812*j - 195. Determine c(39).
1599
Let w(n) = 4*n**2 - 316*n - 78426. Give w(-106).
14
Let b(o) = o**3 - 8931*o**2 + 35643*o + 243. Determine b(4).
-17
Let u(a) = 2*a**3 + 11*a**2 - 392*a - 3012. Calculate u(-10).
8
Let b(z) = -78*z**2 - 10308*z - 1585. Determine b(-132).
-1
Let o(h) = 21*h**2 + 6473*h - 116072. Determine o(17).
38
Let c(z) = z**2 + 1208*z - 94883. Give c(74).
-15
Let b(t) = -43*t**3 + 260*t**2 + 5197*t - 31263. What is b(6)?
-9
Let x(j) = -2*j**3 - 5*j**2 + 2971*j - 14624. Give x(5).
-144
Let g(a) = 5*a**2 + 12842*a - 64233. Give g(5).
102
Let l(k) = k**3 - 119*k**2 + 42*k - 4818. Calculate l(119).
180
Let x(v) = 34*v**2 + 4386*v + 79. Calculate x(-129).
79
Let f(q) = -7109*q - 36568. Give f(-5).
-1023
Let a(h) = -h**3 + 21*h**2 + 464*h + 110. Give a(-13).
-176
Let o(j) = 8*j**2 - 1384*j - 4156. Determine o(-3).
68
Let m(w) = 5518*w**2 + 55177*w - 33. What is m(-10)?
-3
Let p(u) = 15*u**2 - 3252*u - 71817. What is p(237)?
-6
Let f(l) = -10143*l + 10142. Determine f(1).
-1
Let w(b) = 439*b - 286665. What is w(653)?
2
Let j(h) = 27116*h + 22. Calculate j(0).
22
Let u(t) = -1697*t - 26672. What is u(-17)?
2177
Let t(y) = 729*y**2 - 10189*y - 17. What is t(14)?
221
Let l(u) = -236*u - 8996. Determine l(-38).
-28
Let i(m) = 3*m**2 + 6071*m - 12153. What is i(2)?
1
Let x(v) = v**3 - 56*v**2 - 55*v - 2710. Calculate x(58).
828
Let f(q) = 5*q**3 - 17*q**2 - 174*q - 76. What is f(8)?
4
Let j(w) = -213502*w + 8753580. Determine j(41).
-2
Let x(j) = j**3 + 154*j**2 - 373*j - 9504.